t is the thousands digit of 357054534?
4
What is the ten thousands digit of 186808594?
0
What is the hundred thousands digit of 655981020?
9
What is the millions digit of 3128925777?
8
What is the thousands digit of 81688827?
8
What is the hundred thousands digit of 51655500?
6
What is the ten millions digit of 278796246?
7
What is the ten thousands digit of 25378571?
7
What is the tens digit of 64611043?
4
What is the hundreds digit of 524526945?
9
What is the hundreds digit of 20467412?
4
What is the hundred thousands digit of 192221272?
2
What is the units digit of 3316101971?
1
What is the hundreds digit of 1312471864?
8
What is the ten thousands digit of 45852996?
5
What is the hundreds digit of 116664642?
6
What is the units digit of 144610487?
7
What is the units digit of 24141145?
5
What is the millions digit of 62404086?
2
What is the hundred millions digit of 2570048996?
5
What is the thousands digit of 346612256?
2
What is the millions digit of 54407459?
4
What is the ten thousands digit of 1395960?
9
What is the hundred thousands digit of 31724230?
7
What is the hundred millions digit of 185552466?
1
What is the ten millions digit of 651801394?
5
What is the ten thousands digit of 4117517205?
1
What is the thousands digit of 377085574?
5
What is the ten thousands digit of 28820405?
2
What is the hundreds digit of 105002059?
0
What is the units digit of 2833603479?
9
What is the thousands digit of 932124806?
4
What is the thousands digit of 41394331?
4
What is the hundred thousands digit of 140567514?
5
What is the tens digit of 33515501?
0
What is the hundred millions digit of 2254893979?
2
What is the thousands digit of 2244582924?
2
What is the ten millions digit of 1961018088?
6
What is the tens digit of 692520228?
2
What is the tens digit of 3145592151?
5
What is the hundreds digit of 54328533?
5
What is the ten thousands digit of 35870365?
7
What is the thousands digit of 99037508?
7
What is the units digit of 193528499?
9
What is the thousands digit of 3904556246?
6
What is the hundred millions digit of 6677223958?
6
What is the tens digit of 77477120?
2
What is the hundred millions digit of 116705396?
1
What is the ten millions digit of 1930432314?
3
What is the ten thousands digit of 1800065248?
6
What is the ten thousands digit of 4700905?
0
What is the hundreds digit of 714710014?
0
What is the millions digit of 725334729?
5
What is the tens digit of 39482245?
4
What is the hundreds digit of 1980761255?
2
What is the tens digit of 7714276?
7
What is the hundreds digit of 301767857?
8
What is the ten millions digit of 586040647?
8
What is the billions digit of 2244643800?
2
What is the hundred thousands digit of 43703293?
7
What is the hundred millions digit of 106940075?
1
What is the millions digit of 4490277147?
0
What is the tens digit of 248461112?
1
What is the units digit of 659440882?
2
What is the thousands digit of 4326219444?
9
What is the units digit of 37483468?
8
What is the hundred millions digit of 1141910053?
1
What is the units digit of 6097087?
7
What is the ten thousands digit of 1494203038?
0
What is the thousands digit of 116258091?
8
What is the millions digit of 588978602?
8
What is the units digit of 336321446?
6
What is the ten thousands digit of 313673008?
7
What is the millions digit of 5701624?
5
What is the units digit of 855820950?
0
What is the hundred thousands digit of 19684726?
6
What is the ten thousands digit of 38540030?
4
What is the ten thousands digit of 945358576?
5
What is the units digit of 465455025?
5
What is the millions digit of 38010339?
8
What is the ten millions digit of 140255005?
4
What is the hundred thousands digit of 109114659?
1
What is the ten thousands digit of 381049509?
4
What is the units digit of 199262765?
5
What is the millions digit of 1492799923?
2
What is the hundred thousands digit of 291525820?
5
What is the thousands digit of 2700190358?
0
What is the billions digit of 3102631627?
3
What is the tens digit of 1024394409?
0
What is the hundreds digit of 1710171471?
4
What is the thousands digit of 2377951673?
1
What is the units digit of 197042981?
1
What is the thousands digit of 990560074?
0
What is the ten thousands digit of 692888187?
8
What is the millions digit of 1255511156?
5
What is the tens digit of 17758034?
3
What is the ten thousands digit of 1613507763?
0
What is the hundred thousands digit of 302713441?
7
What is the hundreds digit of 118448753?
7
What is the ten thousands digit of 1916916707?
1
What is the hundred millions digit of 263487491?
2
What is the tens digit of 67118104?
0
What is the hundreds digit of 102982817?
8
What is the hundred thousands digit of 123726065?
7
What is the millions digit of 1676433205?
6
What is the hundred thousands digit of 5347169020?
1
What is the ten millions digit of 2341269933?
4
What is the ten millions digit of 54636044?
5
What is the ten thousands digit of 27230146?
3
What is the ten millions digit of 875646531?
7
What is the hundred millions digit of 1864477915?
8
What is the tens digit of 32826280?
8
What is the hundred thousands digit of 362178104?
1
What is the hundred thousands digit of 400678160?
6
What is the units digit of 32566498?
8
What is the tens digit of 35957535?
3
What is the billions digit of 1748467640?
1
What is the tens digit of 3305048796?
9
What is the units digit of 141234318?
8
What is the ten millions digit of 71862229?
7
What is the units digit of 49417988?
8
What is the hundred thousands digit of 158091858?
0
What is the hundred thousands digit of 33532519?
5
What is the millions digit of 602730817?
2
What is the tens digit of 6002761900?
0
What is the ten millions digit of 163416468?
6
What is the tens digit of 39226434?
3
What is the millions digit of 35604167?
5
What is the thousands digit of 91035352?
5
What is the ten millions digit of 443588002?
4
What is the ten millions digit of 3650969682?
5
What is the ten millions digit of 3084463927?
8
What is the hundreds digit of 63349372?
3
What is the hundreds digit of 67921585?
5
What is the units digit of 224464217?
7
What is the millions digit of 355081373?
5
What is the hundreds digit of 59831532?
5
What is the thousands digit of 46773115?
3
What is the thousands digit of 2177773390?
3
What is the thousands digit of 792777168?
7
What is the ten thousands digit of 423584936?
8
What is the hundreds digit of 947009911?
9
What is the millions digit of 534392483?
4
What is the units digit of 38211349?
9
What is the units digit of 857678658?
8
What is the thousands digit of 645393491?
3
What is the units digit of 10393366?
6
What is the ten thousands digit of 46196654?
9
What is the hundred millions digit of 2405187720?
4
What is the hundred millions digit of 1642934266?
6
What is the billions digit of 1379343123?
1
What is the units digit of 5376804?
4
What is the units digit of 366876895?
5
What is the hundred millions digit of 1400471737?
4
What is the hundreds digit of 46981343?
3
What is the hundred thousands digit of 1387303202?
3
What is the hundreds digit of 63301482?
4
What is the hundred millions digit of 254473504?
2
What is the tens digit of 506488127?
2
What is the millions digit of 1189478802?
9
What is the ten millions digit of 895040869?
9
What is the tens digit of 25197966?
6
What is the tens digit of 191987658?
5
What is the millions digit of 208391141?
8
What is the thousands digit of 507020642?
0
What is the hundred thousands digit of 1583588608?
5
What is the ten millions digit of 141657134?
4
What is the ten millions digit of 120955801?
2
What is the units digit of 303258995?
5
What is the hundred millions digit of 253791747?
2
What is the tens digit of 484923759?
5
What is the ten thousands digit of 148137710?
3
What is the ten millions digit of 106096010?
0
What is the thousands digit of 75022365?
2
What is the hundreds digit of 1093813860?
8
What is the tens digit of 657136123?
2
What is the tens digit of 337191104?
0
What is the ten thousands digit of 46094143?
9
What is the hundreds digit of 62418164?
1
What is the hundred thousands digit of 66053442?
0
What is the hundreds digit of 267376625?
6
What is the ten millions digit of 101715232?
0
What is the hundred millions digit of 169167043?
1
Wh